{"id":13019,"date":"2024-03-06T21:06:14","date_gmt":"2024-03-06T21:06:14","guid":{"rendered":"https:\/\/lpherreria.com.ar\/inicio\/?page_id=13019"},"modified":"2024-03-06T21:42:08","modified_gmt":"2024-03-06T21:42:08","slug":"ubicacion","status":"publish","type":"page","link":"https:\/\/lpherreria.com.ar\/inicio\/ubicacion\/","title":{"rendered":"Ubicaci\u00f3n"},"content":{"rendered":"\t\t<div data-elementor-type=\"wp-page\" data-elementor-id=\"13019\" class=\"elementor elementor-13019\">\n\t\t\t\t\t\t<section class=\"elementor-section elementor-top-section elementor-element elementor-element-9139e8b elementor-section-stretched elementor-section-height-min-height elementor-section-content-middle elementor-section-boxed elementor-section-height-default elementor-section-items-middle\" data-id=\"9139e8b\" data-element_type=\"section\" data-e-type=\"section\" data-settings=\"{&quot;stretch_section&quot;:&quot;section-stretched&quot;,&quot;background_background&quot;:&quot;slideshow&quot;,&quot;background_slideshow_gallery&quot;:[{&quot;id&quot;:12301,&quot;url&quot;:&quot;https:\\\/\\\/lpherreria.com.ar\\\/inicio\\\/wp-content\\\/uploads\\\/2023\\\/12\\\/Pictures_Portada_Inicio_Web-03.png&quot;},{&quot;id&quot;:12141,&quot;url&quot;:&quot;https:\\\/\\\/lpherreria.com.ar\\\/inicio\\\/wp-content\\\/uploads\\\/2023\\\/12\\\/Pictures_Portada_Inicio_Web-01.png&quot;},{&quot;id&quot;:12308,&quot;url&quot;:&quot;https:\\\/\\\/lpherreria.com.ar\\\/inicio\\\/wp-content\\\/uploads\\\/2023\\\/12\\\/Pictures_Portada_Inicio_Web-02.png&quot;},{&quot;id&quot;:12309,&quot;url&quot;:&quot;https:\\\/\\\/lpherreria.com.ar\\\/inicio\\\/wp-content\\\/uploads\\\/2023\\\/12\\\/Pictures_Portada_Inicio_Web-04.png&quot;}],&quot;background_slideshow_slide_duration&quot;:4000,&quot;background_slideshow_transition_duration&quot;:400,&quot;background_slideshow_loop&quot;:&quot;yes&quot;,&quot;background_slideshow_slide_transition&quot;:&quot;fade&quot;}\">\n\t\t\t\t\t\t\t<div class=\"elementor-background-overlay\"><\/div>\n\t\t\t\t\t\t\t<div class=\"elementor-container elementor-column-gap-default\">\n\t\t\t\t\t<div class=\"elementor-column elementor-col-50 elementor-top-column elementor-element elementor-element-3182f04 animated-slow elementor-invisible\" data-id=\"3182f04\" data-element_type=\"column\" data-e-type=\"column\" data-settings=\"{&quot;animation&quot;:&quot;fadeIn&quot;,&quot;animation_delay&quot;:500}\">\n\t\t\t<div class=\"elementor-widget-wrap elementor-element-populated\">\n\t\t\t\t\t\t<section class=\"elementor-section elementor-inner-section elementor-element elementor-element-61ea818 elementor-section-boxed elementor-section-height-default elementor-section-height-default\" data-id=\"61ea818\" data-element_type=\"section\" data-e-type=\"section\">\n\t\t\t\t\t\t<div class=\"elementor-container elementor-column-gap-default\">\n\t\t\t\t\t<div class=\"elementor-column elementor-col-100 elementor-inner-column elementor-element elementor-element-cd3df33\" data-id=\"cd3df33\" data-element_type=\"column\" data-e-type=\"column\">\n\t\t\t<div class=\"elementor-widget-wrap elementor-element-populated\">\n\t\t\t\t\t\t<div class=\"elementor-element elementor-element-0e89814 elementor-widget elementor-widget-writing-effect-headline\" data-id=\"0e89814\" data-element_type=\"widget\" data-e-type=\"widget\" data-widget_type=\"writing-effect-headline.default\">\n\t\t\t\t<div class=\"elementor-widget-container\">\n\t\t\t\t\t\t\t<h2 class=\"a13ree-written-headline\" data-speed=\"80\" data-loop=\"1\">\r\n\t\t\t\t\t\t\t<span class=\"before-written\">Visitanos y<br\/>hac\u00e9 realidad<br\/>tu proyecto<br\/><\/span>\r\n\t\t\t\r\n\t\t\t            <span class=\"written-lines elementor-screen-only\">Precisi\u00f3n\nArte\nInnovaci\u00f3n<\/span>\r\n\t\t\t\r\n\t\t\t\t\t<\/h2>\r\n\t\t\t\t\t\t<\/div>\n\t\t\t\t<\/div>\n\t\t\t\t\t<\/div>\n\t\t<\/div>\n\t\t\t\t\t<\/div>\n\t\t<\/section>\n\t\t\t\t<section class=\"elementor-section elementor-inner-section elementor-element elementor-element-49ec851 elementor-section-boxed elementor-section-height-default elementor-section-height-default\" data-id=\"49ec851\" data-element_type=\"section\" data-e-type=\"section\">\n\t\t\t\t\t\t<div class=\"elementor-container elementor-column-gap-default\">\n\t\t\t\t\t<div class=\"elementor-column elementor-col-50 elementor-inner-column elementor-element elementor-element-7979b87\" data-id=\"7979b87\" data-element_type=\"column\" data-e-type=\"column\">\n\t\t\t<div class=\"elementor-widget-wrap elementor-element-populated\">\n\t\t\t\t\t\t<div class=\"elementor-element elementor-element-3e00141 elementor-widget elementor-widget-heading\" data-id=\"3e00141\" data-element_type=\"widget\" data-e-type=\"widget\" data-widget_type=\"heading.default\">\n\t\t\t\t<div class=\"elementor-widget-container\">\n\t\t\t\t\t<div class=\"elementor-heading-title elementor-size-default\">Situados en el coraz\u00f3n de Mart\u00ednez, nuestra herrer\u00eda se encuentra accesible para todos tus proyectos. Contamos con un taller completamente equipado donde <b>la precisi\u00f3n y la calidad se encuentran para dar vida a tus ideas.<\/b><\/div>\t\t\t\t<\/div>\n\t\t\t\t<\/div>\n\t\t\t\t\t<\/div>\n\t\t<\/div>\n\t\t\t\t<div class=\"elementor-column elementor-col-50 elementor-inner-column elementor-element elementor-element-f3ced76\" data-id=\"f3ced76\" data-element_type=\"column\" data-e-type=\"column\">\n\t\t\t<div class=\"elementor-widget-wrap\">\n\t\t\t\t\t\t\t<\/div>\n\t\t<\/div>\n\t\t\t\t\t<\/div>\n\t\t<\/section>\n\t\t\t\t<div class=\"elementor-element elementor-element-5d36fd2 elementor-widget elementor-widget-spacer\" data-id=\"5d36fd2\" data-element_type=\"widget\" data-e-type=\"widget\" data-widget_type=\"spacer.default\">\n\t\t\t\t<div class=\"elementor-widget-container\">\n\t\t\t\t\t\t\t<div class=\"elementor-spacer\">\n\t\t\t<div class=\"elementor-spacer-inner\"><\/div>\n\t\t<\/div>\n\t\t\t\t\t\t<\/div>\n\t\t\t\t<\/div>\n\t\t\t\t<section class=\"elementor-section elementor-inner-section elementor-element elementor-element-8a23aa4 elementor-section-boxed elementor-section-height-default elementor-section-height-default\" data-id=\"8a23aa4\" data-element_type=\"section\" data-e-type=\"section\">\n\t\t\t\t\t\t<div class=\"elementor-container elementor-column-gap-default\">\n\t\t\t\t\t<div class=\"elementor-column elementor-col-100 elementor-inner-column elementor-element elementor-element-ebb3f67\" data-id=\"ebb3f67\" data-element_type=\"column\" data-e-type=\"column\">\n\t\t\t<div class=\"elementor-widget-wrap\">\n\t\t\t\t\t\t\t<\/div>\n\t\t<\/div>\n\t\t\t\t\t<\/div>\n\t\t<\/section>\n\t\t\t\t\t<\/div>\n\t\t<\/div>\n\t\t\t\t<div class=\"elementor-column elementor-col-50 elementor-top-column elementor-element elementor-element-caa37f5\" data-id=\"caa37f5\" data-element_type=\"column\" data-e-type=\"column\">\n\t\t\t<div class=\"elementor-widget-wrap\">\n\t\t\t\t\t\t\t<\/div>\n\t\t<\/div>\n\t\t\t\t\t<\/div>\n\t\t<\/section>\n\t\t\t\t<section class=\"elementor-section elementor-top-section elementor-element elementor-element-a33e559 elementor-section-stretched elementor-section-content-middle elementor-reverse-mobile elementor-section-boxed elementor-section-height-default elementor-section-height-default\" data-id=\"a33e559\" data-element_type=\"section\" data-e-type=\"section\" data-settings=\"{&quot;stretch_section&quot;:&quot;section-stretched&quot;,&quot;background_background&quot;:&quot;classic&quot;}\">\n\t\t\t\t\t\t\t<div class=\"elementor-background-overlay\"><\/div>\n\t\t\t\t\t\t\t<div class=\"elementor-container elementor-column-gap-wider\">\n\t\t\t\t\t<div class=\"elementor-column elementor-col-100 elementor-top-column elementor-element elementor-element-e0cac19\" data-id=\"e0cac19\" data-element_type=\"column\" data-e-type=\"column\">\n\t\t\t<div class=\"elementor-widget-wrap elementor-element-populated\">\n\t\t\t\t\t\t<div class=\"elementor-element elementor-element-df60973 elementor-widget elementor-widget-spacer\" data-id=\"df60973\" data-element_type=\"widget\" data-e-type=\"widget\" data-widget_type=\"spacer.default\">\n\t\t\t\t<div class=\"elementor-widget-container\">\n\t\t\t\t\t\t\t<div class=\"elementor-spacer\">\n\t\t\t<div class=\"elementor-spacer-inner\"><\/div>\n\t\t<\/div>\n\t\t\t\t\t\t<\/div>\n\t\t\t\t<\/div>\n\t\t\t\t<section class=\"elementor-section elementor-inner-section elementor-element elementor-element-90553f5 elementor-section-content-middle elementor-section-full_width elementor-section-height-default elementor-section-height-default\" data-id=\"90553f5\" data-element_type=\"section\" data-e-type=\"section\">\n\t\t\t\t\t\t<div class=\"elementor-container elementor-column-gap-wider\">\n\t\t\t\t\t<div class=\"elementor-column elementor-col-50 elementor-inner-column elementor-element elementor-element-21550ad\" data-id=\"21550ad\" data-element_type=\"column\" data-e-type=\"column\">\n\t\t\t<div class=\"elementor-widget-wrap elementor-element-populated\">\n\t\t\t\t\t\t<div class=\"elementor-element elementor-element-78a6bd9 elementor-widget elementor-widget-heading\" data-id=\"78a6bd9\" data-element_type=\"widget\" data-e-type=\"widget\" data-widget_type=\"heading.default\">\n\t\t\t\t<div class=\"elementor-widget-container\">\n\t\t\t\t\t<div class=\"elementor-heading-title elementor-size-default\">Hablemos y conoc\u00e9 donde estamos.<\/div>\t\t\t\t<\/div>\n\t\t\t\t<\/div>\n\t\t\t\t<div class=\"elementor-element elementor-element-9783739 elementor-widget elementor-widget-heading\" data-id=\"9783739\" data-element_type=\"widget\" data-e-type=\"widget\" data-widget_type=\"heading.default\">\n\t\t\t\t<div class=\"elementor-widget-container\">\n\t\t\t\t\t<h2 class=\"elementor-heading-title elementor-size-default\">Nuestra ubicaci\u00f3n<\/h2>\t\t\t\t<\/div>\n\t\t\t\t<\/div>\n\t\t\t\t<div class=\"elementor-element elementor-element-4ee1c14 elementor-widget-divider--view-line elementor-widget elementor-widget-divider\" data-id=\"4ee1c14\" data-element_type=\"widget\" data-e-type=\"widget\" data-widget_type=\"divider.default\">\n\t\t\t\t<div class=\"elementor-widget-container\">\n\t\t\t\t\t\t\t<div class=\"elementor-divider\">\n\t\t\t<span class=\"elementor-divider-separator\">\n\t\t\t\t\t\t<\/span>\n\t\t<\/div>\n\t\t\t\t\t\t<\/div>\n\t\t\t\t<\/div>\n\t\t\t\t<div class=\"elementor-element elementor-element-238069f elementor-widget elementor-widget-text-editor\" data-id=\"238069f\" data-element_type=\"widget\" data-e-type=\"widget\" data-widget_type=\"text-editor.default\">\n\t\t\t\t<div class=\"elementor-widget-container\">\n\t\t\t\t\t\t\t\t\t<p>Te dejamos nuestro contacto y direcci\u00f3n.<br \/><span style=\"color: var( --e-global-color-text ); font-weight: var( --e-global-typography-text-font-weight ); letter-spacing: 0px;\">\u00a1Esperamos tu mensaje!<\/span><\/p>\t\t\t\t\t\t\t\t<\/div>\n\t\t\t\t<\/div>\n\t\t\t\t<div class=\"elementor-element elementor-element-80ed1fd elementor-icon-list--layout-traditional elementor-list-item-link-full_width elementor-widget elementor-widget-icon-list\" data-id=\"80ed1fd\" data-element_type=\"widget\" data-e-type=\"widget\" data-widget_type=\"icon-list.default\">\n\t\t\t\t<div class=\"elementor-widget-container\">\n\t\t\t\t\t\t\t<ul class=\"elementor-icon-list-items\">\n\t\t\t\t\t\t\t<li class=\"elementor-icon-list-item\">\n\t\t\t\t\t\t\t\t\t\t\t<a href=\"https:\/\/maps.app.goo.gl\/xYBn1eZsBPsS5q2z8\" target=\"_blank\">\n\n\t\t\t\t\t\t\t\t\t\t\t\t<span class=\"elementor-icon-list-icon\">\n\t\t\t\t\t\t\t<svg aria-hidden=\"true\" class=\"e-font-icon-svg e-fas-map-marker-alt\" viewBox=\"0 0 384 512\" xmlns=\"http:\/\/www.w3.org\/2000\/svg\"><path d=\"M172.268 501.67C26.97 291.031 0 269.413 0 192 0 85.961 85.961 0 192 0s192 85.961 192 192c0 77.413-26.97 99.031-172.268 309.67-9.535 13.774-29.93 13.773-39.464 0zM192 272c44.183 0 80-35.817 80-80s-35.817-80-80-80-80 35.817-80 80 35.817 80 80 80z\"><\/path><\/svg>\t\t\t\t\t\t<\/span>\n\t\t\t\t\t\t\t\t\t\t<span class=\"elementor-icon-list-text\">Edison 2300, B1640 Mart\u00ednez, Provincia de Buenos Aires.<\/span>\n\t\t\t\t\t\t\t\t\t\t\t<\/a>\n\t\t\t\t\t\t\t\t\t<\/li>\n\t\t\t\t\t\t\t\t<li class=\"elementor-icon-list-item\">\n\t\t\t\t\t\t\t\t\t\t\t<a href=\"mailto:herrerialpmartinez@gmail.com\" target=\"_blank\" _blank=\"\">\n\n\t\t\t\t\t\t\t\t\t\t\t\t<span class=\"elementor-icon-list-icon\">\n\t\t\t\t\t\t\t<svg aria-hidden=\"true\" class=\"e-font-icon-svg e-fas-envelope-open\" viewBox=\"0 0 512 512\" xmlns=\"http:\/\/www.w3.org\/2000\/svg\"><path d=\"M512 464c0 26.51-21.49 48-48 48H48c-26.51 0-48-21.49-48-48V200.724a48 48 0 0 1 18.387-37.776c24.913-19.529 45.501-35.365 164.2-121.511C199.412 29.17 232.797-.347 256 .003c23.198-.354 56.596 29.172 73.413 41.433 118.687 86.137 139.303 101.995 164.2 121.512A48 48 0 0 1 512 200.724V464zm-65.666-196.605c-2.563-3.728-7.7-4.595-11.339-1.907-22.845 16.873-55.462 40.705-105.582 77.079-16.825 12.266-50.21 41.781-73.413 41.43-23.211.344-56.559-29.143-73.413-41.43-50.114-36.37-82.734-60.204-105.582-77.079-3.639-2.688-8.776-1.821-11.339 1.907l-9.072 13.196a7.998 7.998 0 0 0 1.839 10.967c22.887 16.899 55.454 40.69 105.303 76.868 20.274 14.781 56.524 47.813 92.264 47.573 35.724.242 71.961-32.771 92.263-47.573 49.85-36.179 82.418-59.97 105.303-76.868a7.998 7.998 0 0 0 1.839-10.967l-9.071-13.196z\"><\/path><\/svg>\t\t\t\t\t\t<\/span>\n\t\t\t\t\t\t\t\t\t\t<span class=\"elementor-icon-list-text\">herrerialpmartinez@gmail.com<\/span>\n\t\t\t\t\t\t\t\t\t\t\t<\/a>\n\t\t\t\t\t\t\t\t\t<\/li>\n\t\t\t\t\t\t\t\t<li class=\"elementor-icon-list-item\">\n\t\t\t\t\t\t\t\t\t\t\t<a href=\"https:\/\/wa.me\/5491166627226?text=\u00a1Hola!%20Somos%20LP%20Herrer\u00eda,%20expertos%20en%20proyectos%20de%20calidad%20en%20hierro.%20\u00bfC\u00f3mo%20podemos%20ayudarte%20hoy?%20Visita%20nuestro%20sitio%20web%20para%20conocer%20m\u00e1s.\" target=\"_blank\">\n\n\t\t\t\t\t\t\t\t\t\t\t\t<span class=\"elementor-icon-list-icon\">\n\t\t\t\t\t\t\t<svg aria-hidden=\"true\" class=\"e-font-icon-svg e-fas-phone\" viewBox=\"0 0 512 512\" xmlns=\"http:\/\/www.w3.org\/2000\/svg\"><path d=\"M493.4 24.6l-104-24c-11.3-2.6-22.9 3.3-27.5 13.9l-48 112c-4.2 9.8-1.4 21.3 6.9 28l60.6 49.6c-36 76.7-98.9 140.5-177.2 177.2l-49.6-60.6c-6.8-8.3-18.2-11.1-28-6.9l-112 48C3.9 366.5-2 378.1.6 389.4l24 104C27.1 504.2 36.7 512 48 512c256.1 0 464-207.5 464-464 0-11.2-7.7-20.9-18.6-23.4z\"><\/path><\/svg>\t\t\t\t\t\t<\/span>\n\t\t\t\t\t\t\t\t\t\t<span class=\"elementor-icon-list-text\">(+54 9) 11 6662-7226<\/span>\n\t\t\t\t\t\t\t\t\t\t\t<\/a>\n\t\t\t\t\t\t\t\t\t<\/li>\n\t\t\t\t\t\t<\/ul>\n\t\t\t\t\t\t<\/div>\n\t\t\t\t<\/div>\n\t\t\t\t<div class=\"elementor-element elementor-element-a2f85c0 elementor-widget elementor-widget-spacer\" data-id=\"a2f85c0\" data-element_type=\"widget\" data-e-type=\"widget\" data-widget_type=\"spacer.default\">\n\t\t\t\t<div class=\"elementor-widget-container\">\n\t\t\t\t\t\t\t<div class=\"elementor-spacer\">\n\t\t\t<div class=\"elementor-spacer-inner\"><\/div>\n\t\t<\/div>\n\t\t\t\t\t\t<\/div>\n\t\t\t\t<\/div>\n\t\t\t\t\t<\/div>\n\t\t<\/div>\n\t\t\t\t<div class=\"elementor-column elementor-col-50 elementor-inner-column elementor-element elementor-element-ecb49d9\" data-id=\"ecb49d9\" data-element_type=\"column\" data-e-type=\"column\">\n\t\t\t<div class=\"elementor-widget-wrap elementor-element-populated\">\n\t\t\t\t\t\t<div class=\"elementor-element elementor-element-c552df9 elementor-widget elementor-widget-google_maps\" data-id=\"c552df9\" data-element_type=\"widget\" data-e-type=\"widget\" data-widget_type=\"google_maps.default\">\n\t\t\t\t<div class=\"elementor-widget-container\">\n\t\t\t\t\t\t\t<div class=\"elementor-custom-embed\">\n\t\t\t<iframe loading=\"lazy\"\n\t\t\t\t\tsrc=\"https:\/\/maps.google.com\/maps?q=HRU%2C%20Edison%202300%2C%20B1640%20Mart%C3%ADnez%2C%20Provincia%20de%20Buenos%20Aires%2C%20Argentina&#038;t=m&#038;z=16&#038;output=embed&#038;iwloc=near\"\n\t\t\t\t\ttitle=\"HRU, Edison 2300, B1640 Mart\u00ednez, Provincia de Buenos Aires, Argentina\"\n\t\t\t\t\taria-label=\"HRU, Edison 2300, B1640 Mart\u00ednez, Provincia de Buenos Aires, Argentina\"\n\t\t\t><\/iframe>\n\t\t<\/div>\n\t\t\t\t\t\t<\/div>\n\t\t\t\t<\/div>\n\t\t\t\t\t<\/div>\n\t\t<\/div>\n\t\t\t\t\t<\/div>\n\t\t<\/section>\n\t\t\t\t<div class=\"elementor-element elementor-element-9e7e6c4 elementor-widget elementor-widget-spacer\" data-id=\"9e7e6c4\" data-element_type=\"widget\" data-e-type=\"widget\" data-widget_type=\"spacer.default\">\n\t\t\t\t<div class=\"elementor-widget-container\">\n\t\t\t\t\t\t\t<div class=\"elementor-spacer\">\n\t\t\t<div class=\"elementor-spacer-inner\"><\/div>\n\t\t<\/div>\n\t\t\t\t\t\t<\/div>\n\t\t\t\t<\/div>\n\t\t\t\t\t<\/div>\n\t\t<\/div>\n\t\t\t\t\t<\/div>\n\t\t<\/section>\n\t\t\t\t<\/div>\n\t\t","protected":false},"excerpt":{"rendered":"<p>Visitanos yhac\u00e9 realidadtu proyecto Precisi\u00f3n Arte Innovaci\u00f3n Situados en el&hellip;<\/p>\n<p> <a class=\"more-link\" href=\"https:\/\/lpherreria.com.ar\/inicio\/ubicacion\/\">Leer m\u00e1s<\/a><\/p>\n","protected":false},"author":2,"featured_media":0,"parent":0,"menu_order":0,"comment_status":"closed","ping_status":"closed","template":"","meta":{"footnotes":""},"class_list":["post-13019","page","type-page","status-publish"],"yoast_head":"<!-- This site is optimized with the Yoast SEO plugin v27.6 - https:\/\/yoast.com\/product\/yoast-seo-wordpress\/ -->\n<title>Ubicaci\u00f3n | LP Herrer\u00eda | Especialistas en Herrer\u00eda de Obra<\/title>\n<meta name=\"description\" content=\"Explora la excelencia en herrer\u00eda de obra con LP Herrer\u00eda. Comprometidos con la calidad y resistencia en cada proyecto, nuestra herrer\u00eda ofrece soluciones personalizadas en hierro, acero y chapa.\" \/>\n<meta name=\"robots\" content=\"index, follow, max-snippet:-1, max-image-preview:large, max-video-preview:-1\" \/>\n<link rel=\"canonical\" href=\"https:\/\/lpherreria.com.ar\/inicio\/ubicacion\/\" \/>\n<meta property=\"og:locale\" content=\"es_ES\" \/>\n<meta property=\"og:type\" content=\"article\" \/>\n<meta property=\"og:title\" content=\"Ubicaci\u00f3n | LP Herrer\u00eda | Especialistas en Herrer\u00eda de Obra\" \/>\n<meta property=\"og:description\" content=\"Explora la excelencia en herrer\u00eda de obra con LP Herrer\u00eda. Comprometidos con la calidad y resistencia en cada proyecto, nuestra herrer\u00eda ofrece soluciones personalizadas en hierro, acero y chapa.\" \/>\n<meta property=\"og:url\" content=\"https:\/\/lpherreria.com.ar\/inicio\/ubicacion\/\" \/>\n<meta property=\"og:site_name\" content=\"LP Herrer\u00eda Calidad en Hierros\" \/>\n<meta property=\"article:modified_time\" content=\"2024-03-06T21:42:08+00:00\" \/>\n<meta name=\"twitter:card\" content=\"summary_large_image\" \/>\n<meta name=\"twitter:label1\" content=\"Tiempo de lectura\" \/>\n\t<meta name=\"twitter:data1\" content=\"1 minuto\" \/>\n<script type=\"application\/ld+json\" class=\"yoast-schema-graph\">{\"@context\":\"https:\\\/\\\/schema.org\",\"@graph\":[{\"@type\":\"WebPage\",\"@id\":\"https:\\\/\\\/lpherreria.com.ar\\\/inicio\\\/ubicacion\\\/\",\"url\":\"https:\\\/\\\/lpherreria.com.ar\\\/inicio\\\/ubicacion\\\/\",\"name\":\"Ubicaci\u00f3n | LP Herrer\u00eda | Especialistas en Herrer\u00eda de Obra\",\"isPartOf\":{\"@id\":\"https:\\\/\\\/lpherreria.com.ar\\\/inicio\\\/#website\"},\"datePublished\":\"2024-03-06T21:06:14+00:00\",\"dateModified\":\"2024-03-06T21:42:08+00:00\",\"description\":\"Explora la excelencia en herrer\u00eda de obra con LP Herrer\u00eda. Comprometidos con la calidad y resistencia en cada proyecto, nuestra herrer\u00eda ofrece soluciones personalizadas en hierro, acero y chapa.\",\"breadcrumb\":{\"@id\":\"https:\\\/\\\/lpherreria.com.ar\\\/inicio\\\/ubicacion\\\/#breadcrumb\"},\"inLanguage\":\"es\",\"potentialAction\":[{\"@type\":\"ReadAction\",\"target\":[\"https:\\\/\\\/lpherreria.com.ar\\\/inicio\\\/ubicacion\\\/\"]}]},{\"@type\":\"BreadcrumbList\",\"@id\":\"https:\\\/\\\/lpherreria.com.ar\\\/inicio\\\/ubicacion\\\/#breadcrumb\",\"itemListElement\":[{\"@type\":\"ListItem\",\"position\":1,\"name\":\"Portada\",\"item\":\"https:\\\/\\\/lpherreria.com.ar\\\/inicio\\\/\"},{\"@type\":\"ListItem\",\"position\":2,\"name\":\"Ubicaci\u00f3n\"}]},{\"@type\":\"WebSite\",\"@id\":\"https:\\\/\\\/lpherreria.com.ar\\\/inicio\\\/#website\",\"url\":\"https:\\\/\\\/lpherreria.com.ar\\\/inicio\\\/\",\"name\":\"LP Herrer\u00eda Calidad en Hierros\",\"description\":\"Expertos en Calidad en Hierro para Proyectos Duraderos y Estilos \u00danicos. Descubre Nuestra Artesan\u00eda en Cada Detalle.\",\"potentialAction\":[{\"@type\":\"SearchAction\",\"target\":{\"@type\":\"EntryPoint\",\"urlTemplate\":\"https:\\\/\\\/lpherreria.com.ar\\\/inicio\\\/?s={search_term_string}\"},\"query-input\":{\"@type\":\"PropertyValueSpecification\",\"valueRequired\":true,\"valueName\":\"search_term_string\"}}],\"inLanguage\":\"es\"}]}<\/script>\n<!-- \/ Yoast SEO plugin. -->","yoast_head_json":{"title":"Ubicaci\u00f3n | LP Herrer\u00eda | Especialistas en Herrer\u00eda de Obra","description":"Explora la excelencia en herrer\u00eda de obra con LP Herrer\u00eda. Comprometidos con la calidad y resistencia en cada proyecto, nuestra herrer\u00eda ofrece soluciones personalizadas en hierro, acero y chapa.","robots":{"index":"index","follow":"follow","max-snippet":"max-snippet:-1","max-image-preview":"max-image-preview:large","max-video-preview":"max-video-preview:-1"},"canonical":"https:\/\/lpherreria.com.ar\/inicio\/ubicacion\/","og_locale":"es_ES","og_type":"article","og_title":"Ubicaci\u00f3n | LP Herrer\u00eda | Especialistas en Herrer\u00eda de Obra","og_description":"Explora la excelencia en herrer\u00eda de obra con LP Herrer\u00eda. Comprometidos con la calidad y resistencia en cada proyecto, nuestra herrer\u00eda ofrece soluciones personalizadas en hierro, acero y chapa.","og_url":"https:\/\/lpherreria.com.ar\/inicio\/ubicacion\/","og_site_name":"LP Herrer\u00eda Calidad en Hierros","article_modified_time":"2024-03-06T21:42:08+00:00","twitter_card":"summary_large_image","twitter_misc":{"Tiempo de lectura":"1 minuto"},"schema":{"@context":"https:\/\/schema.org","@graph":[{"@type":"WebPage","@id":"https:\/\/lpherreria.com.ar\/inicio\/ubicacion\/","url":"https:\/\/lpherreria.com.ar\/inicio\/ubicacion\/","name":"Ubicaci\u00f3n | LP Herrer\u00eda | Especialistas en Herrer\u00eda de Obra","isPartOf":{"@id":"https:\/\/lpherreria.com.ar\/inicio\/#website"},"datePublished":"2024-03-06T21:06:14+00:00","dateModified":"2024-03-06T21:42:08+00:00","description":"Explora la excelencia en herrer\u00eda de obra con LP Herrer\u00eda. Comprometidos con la calidad y resistencia en cada proyecto, nuestra herrer\u00eda ofrece soluciones personalizadas en hierro, acero y chapa.","breadcrumb":{"@id":"https:\/\/lpherreria.com.ar\/inicio\/ubicacion\/#breadcrumb"},"inLanguage":"es","potentialAction":[{"@type":"ReadAction","target":["https:\/\/lpherreria.com.ar\/inicio\/ubicacion\/"]}]},{"@type":"BreadcrumbList","@id":"https:\/\/lpherreria.com.ar\/inicio\/ubicacion\/#breadcrumb","itemListElement":[{"@type":"ListItem","position":1,"name":"Portada","item":"https:\/\/lpherreria.com.ar\/inicio\/"},{"@type":"ListItem","position":2,"name":"Ubicaci\u00f3n"}]},{"@type":"WebSite","@id":"https:\/\/lpherreria.com.ar\/inicio\/#website","url":"https:\/\/lpherreria.com.ar\/inicio\/","name":"LP Herrer\u00eda Calidad en Hierros","description":"Expertos en Calidad en Hierro para Proyectos Duraderos y Estilos \u00danicos. Descubre Nuestra Artesan\u00eda en Cada Detalle.","potentialAction":[{"@type":"SearchAction","target":{"@type":"EntryPoint","urlTemplate":"https:\/\/lpherreria.com.ar\/inicio\/?s={search_term_string}"},"query-input":{"@type":"PropertyValueSpecification","valueRequired":true,"valueName":"search_term_string"}}],"inLanguage":"es"}]}},"_links":{"self":[{"href":"https:\/\/lpherreria.com.ar\/inicio\/wp-json\/wp\/v2\/pages\/13019","targetHints":{"allow":["GET"]}}],"collection":[{"href":"https:\/\/lpherreria.com.ar\/inicio\/wp-json\/wp\/v2\/pages"}],"about":[{"href":"https:\/\/lpherreria.com.ar\/inicio\/wp-json\/wp\/v2\/types\/page"}],"author":[{"embeddable":true,"href":"https:\/\/lpherreria.com.ar\/inicio\/wp-json\/wp\/v2\/users\/2"}],"replies":[{"embeddable":true,"href":"https:\/\/lpherreria.com.ar\/inicio\/wp-json\/wp\/v2\/comments?post=13019"}],"version-history":[{"count":11,"href":"https:\/\/lpherreria.com.ar\/inicio\/wp-json\/wp\/v2\/pages\/13019\/revisions"}],"predecessor-version":[{"id":13036,"href":"https:\/\/lpherreria.com.ar\/inicio\/wp-json\/wp\/v2\/pages\/13019\/revisions\/13036"}],"wp:attachment":[{"href":"https:\/\/lpherreria.com.ar\/inicio\/wp-json\/wp\/v2\/media?parent=13019"}],"curies":[{"name":"wp","href":"https:\/\/api.w.org\/{rel}","templated":true}]}}